 2) in base 9?
441
What is -1765 (base 13) in base 2?
-110110000111
What is 14 (base 12) in base 8?
20
Convert 19430 (base 13) to base 11.
33940
Convert 3502 (base 10) to base 7.
13132
-16db6 (base 14) to base 8
-160364
What is -121101 (base 3) in base 16?
-1ba
What is -2113 (base 8) in base 11?
-90a
What is 211030 (base 7) in base 3?
1211220101
What is -15c (base 14) in base 16?
-116
Convert -54512 (base 7) to base 13.
-6287
Convert -20b89 (base 12) to base 14.
-11a2d
Convert 3112 (base 6) to base 15.
312
What is 111111101 (base 2) in base 8?
775
-110001011101 (base 2) to base 5
-100130
Convert 66036 (base 9) to base 6.
534353
Convert -7621 (base 11) to base 5.
-310231
Convert -103 (base 11) to base 2.
-1111100
13444 (base 7) to base 12
214a
3729 (base 16) to base 10
14121
What is -3278 (base 15) in base 10?
-10688
Convert -344b (base 16) to base 3.
-200100211
446 (base 11) to base 4
20112
144 (base 7) to base 14
5b
Convert 16b95 (base 12) to base 10.
32801
82c7 (base 13) to base 2
100011010011101
-113251 (base 6) to base 12
-5827
Convert 25022 (base 6) to base 9.
5045
Convert -15 (base 10) to base 9.
-16
-15653 (base 7) to base 11
-3384
What is -157 (base 16) in base 9?
-421
Convert -488 (base 10) to base 3.
-200002
1e27 (base 16) to base 4
1320213
2918 (base 16) to base 8
24430
What is 11000101000 (base 2) in base 13?
943
What is 33c (base 14) in base 12?
456
-d3 (base 16) to base 2
-11010011
Convert 10010011011011100 (base 2) to base 8.
223334
What is 4421 (base 7) in base 11?
120a
What is 100000101101 (base 2) in base 6?
13405
What is -1611 (base 13) in base 12?
-1a49
Convert -53412 (base 6) to base 4.
-1301300
Convert -27603 (base 10) to base 8.
-65723
-10200012 (base 4) to base 8
-44006
What is 203004 (base 5) in base 15?
1e6e
Convert -101111101 (base 3) to base 2.
-1110111100011
What is 569 (base 13) in base 3?
1021112
-44 (base 5) to base 10
-24
Convert 13545 (base 6) to base 8.
4151
Convert -901 (base 13) to base 5.
-22042
Convert -15105 (base 6) to base 13.
-113c
23270 (base 11) to base 13
123a2
What is -d392 (base 14) in base 16?
-8e24
101021 (base 4) to base 5
13342
1100101 (base 2) to base 12
85
What is 2202121 (base 3) in base 11?
1571
-7267 (base 8) to base 4
-322313
Convert 2b7 (base 12) to base 11.
359
1020221211 (base 3) to base 4
12002302
-3332 (base 5) to base 13
-29c
-344a (base 13) to base 8
-16241
Convert 863 (base 9) to base 12.
4a9
-1d84 (base 15) to base 16
-1918
What is 10210110 (base 3) in base 8?
5316
Convert 1065a (base 15) to base 4.
30231130
6524 (base 9) to base 3
20120211
-1ac5 (base 14) to base 8
-11415
What is -2c27 (base 13) in base 3?
-22212002
Convert -23578 (base 9) to base 7.
-64010
Convert -10100201 (base 3) to base 11.
-1927
220210 (base 3) to base 15
2e9
2432112 (base 5) to base 12
22697
Convert -139 (base 14) to base 3.
-100011
Convert -2033 (base 8) to base 3.
-1102221
What is 535 (base 14) in base 15?
487
101123 (base 4) to base 16
45b
What is 5210 (base 14) in base 8?
33456
Convert 190 (base 16) to base 4.
12100
4144 (base 8) to base 2
100001100100
What is 61330 (base 7) in base 3?
202110111
10120 (base 5) to base 11
550
What is -317 (base 12) in base 5?
-3301
Convert 221245 (base 8) to base 2.
10010001010100101
What is 6041 (base 7) in base 5?
31322
What is -44265 (base 7) in base 15?
-3466
What is -101001101011 (base 2) in base 12?
-1663
-1273 (base 11) to base 5
-23103
What is -2076 (base 12) in base 14?
-1414
-101100 (base 3) to base 13
-186
Convert -1111011000000011 (base 2) to base 13.
-22887
Convert -431 (base 8) to base 11.
-236
153020 (base 6) to base 8
35104
-35 (base 16) to base 9
-58
What is 319 (base 12) in base 4?
13011
What is 2ce5 (base 16) in base 7?
45336
What is 1461 (base 8) in base 3?
1010021
Convert 7736 (base 9) to base 8.
13107
Convert 2074 (base 11) to base 16.
ab7
11100000001 (base 2) to base 16
701
What is 22011 (base 8) in base 13?
4278
-31012230 (base 4) to base 8
-150654
Convert -5cc4 (base 14) to base 15.
-4c2e
What is 5350 (base 6) in base 10?
1218
-100221 (base 7) to base 12
-9960
What is 101111010 (base 2) in base 4?
11322
-49106 (base 10) to base 16
-bfd2
-22 (base 9) to base 16
-14
Convert -12 (base 4) to base 5.
-11
What is -14445 (base 6) in base 12?
-1425
Convert 113222 (base 4) to base 3.
2002002
What is 3165 (base 7) in base 3?
1112200
Convert 1120033 (base 4) to base 9.
7664
288a (base 11) to base 10
3728
What is -132535 (base 7) in base 16?
-6187
-ab (base 12) to base 7
-245
Convert 16d (base 15) to base 10.
328
59307 (base 10) to base 4
32132223
What is 3131044 (base 5) in base 15?
10634
What is 881 (base 13) in base 4?
112301
Convert 64132 (base 7) to base 8.
36752
What is 1103 (base 7) in base 2?
110001011
What is -dc (base 15) in base 13?
-12c
What is 1032101 (base 4) in base 13?
2384
What is -2111210201 (base 3) in base 4?
-30010111
Convert 8344 (base 9) to base 14.
232b
25ad (base 15) to base 2
1111101100110
What is -b (base 16) in base 14?
-b
Convert 2101 (base 6) to base 7.
1240
Convert 8a5 (base 12) to base 7.
3503
Convert -1014314 (base 5) to base 13.
-787c
Convert 2fdc (base 16) to base 9.
17723
5c18 (base 13) to base 5
404114
-25345 (base 7) to base 13
-3082
-205626 (base 7) to base 9
-53803
61123 (base 7) to base 8
34737
Convert -201201121 (base 3) to base 13.
-6712
What is -3850 (base 13) in base 9?
-11877
What is 200331 (base 4) in base 10?
2109
What is -232002 (base 6) in base 3?
-1000021002
What is 2234 (base 7) in base 5?
11214
What is -1234 (base 6) in base 8?
-466
-433 (base 7) to base 10
-220
-693 (base 13) to base 9
-1500
What is 20303100 (base 4) in base 5?
2123143
1011001000 (base 2) to base 5
10322
1116 (base 12) to base 6
12430
Convert 495 (base 12) to base 10.
689
Convert 1040310 (base 5) to base 16.
471d
18305 (base 10) to base 3
221002222
What is 553 (base 13) in base 9?
1224
Convert -300 (base 11) to base 2.
-101101011
Convert 19d7 (base 16) to base 4.
1213113
-2a3d (base 16) to base 7
-43345
Convert -13320322 (base 4) to base 11.
-22307
Convert -212202201 (base 3) to base 15.
-5201
What is -1378 (base 11) in base 12?
-1043
What is -472 (base 8) in base 2?
-100111010
What is 734 (base 10) in base 11?
608
-2e2 (base 16) to base 5
-10423
-1222 (base 5) to base 4
-2323
What is -1553 (base 15) in base 16?
-11e2
-4b3a (base 14) to base 10
-13184
-1669 (base 10) to base 12
-b71
-47aa (base 16) to base 2
-100011110101010
Convert -12010 (base 5) to base 11.
-730
What is -6361 (base 7) in base 11?
-1764
-11022021 (base 3) to base 13
-1576
Convert -1117 (base 9) to base 15.
-3a1
Convert 99 (base 13) to base 15.
86
What is -104126 (base 8) in base 14?
-ca10
Convert -346 (base 8) to base 3.
-22112
Convert -2414 (base 6) to base 8.
-1112
-5353 (base 7) to base 12
-1124
25b6 (base 15) to base 5
224141
34453 (base 7) to base 5
240214
What is 3236 (base 8) in base 13?
a04
What is 4020 (base 5) in base 13?
303
-917c (base 13) to base 12
-b725
b13 (base 16) to base 14
1067
What is 4c4a (base 14) in base 16?
3452
3567 (base 15) to base 14
41c7
-c3f4 (base 16) to base 9
-75727
What is -cabc (base 14) in base 13?
-12c56
Convert -66324 (base 7) to base 3.
-211210220
Convert 207c (base 15) to base 8.
15323
120200 (base 3) to base 2
110100111
Convert -211 (base 11) to base 6.
-1102
What is 10211 (base 4) in base 16?
125
What is -934 (base 11) in base 5?
-14001
What is -526 (base 8) in base 2?
-101010110
What is -2a7 (base 12) in base 13?
-25c
-6331 (base 8) to base 11
-2520
Convert -2041 (base 6) to base 2.
-111001001
-23230 (base 8) to base 10
-9880
Convert 2043140 (base 5) to base 16.
857a
Convert -374a (base 12) to base 9.
-8514
What is 8244 (base 13) in base 16?
4632
What is 3337 (base 9) in base 8?
4640
What is -321203 (base 5) in base 10?
-10803
Convert 684 (base 12) to base 2.
1111000100
Convert d98 (base 14) to base 9.
3610
What is -650b (base 13) in base 8?
-33326
What is -12120 (base 5) in base 7?
-2440
Convert 1068 (base 13) to base 4.
203223
Convert 11101000001 (base 2) to base 11.
1439
Convert -7545 (base 9) to base 2.
-1010110101101
-107024 (base 9) to base 14
-1955c
Convert 440031 (base 5) to base 15.
46b1
Convert 41024 (base 6) to base 4.
1110220
Convert -27ce (base 16) to base 8.
-23716
-4044 (base 8) to base 16
-824
38734 (b